{"id":1290,"date":"2023-02-23T18:05:46","date_gmt":"2023-02-23T18:05:46","guid":{"rendered":"https:\/\/edeq.com.br\/wp\/41edeq\/?page_id=1290"},"modified":"2023-03-06T10:53:26","modified_gmt":"2023-03-06T10:53:26","slug":"certificados","status":"publish","type":"page","link":"https:\/\/edeq.com.br\/wp\/41edeq\/certificados\/","title":{"rendered":"Certificados"},"content":{"rendered":"\t\t<div data-elementor-type=\"wp-page\" data-elementor-id=\"1290\" class=\"elementor elementor-1290\">\n\t\t\t\t\t\t<section class=\"elementor-section elementor-top-section elementor-element elementor-element-14fd4fe elementor-section-boxed elementor-section-height-default elementor-section-height-default\" data-id=\"14fd4fe\" data-element_type=\"section\">\n\t\t\t\t\t\t<div class=\"elementor-container elementor-column-gap-default\">\n\t\t\t\t\t<div class=\"elementor-column elementor-col-100 elementor-top-column elementor-element elementor-element-097c900\" data-id=\"097c900\" data-element_type=\"column\">\n\t\t\t<div class=\"elementor-widget-wrap elementor-element-populated\">\n\t\t\t\t\t\t<div class=\"elementor-element elementor-element-3a7df44 elementor-widget elementor-widget-heading\" data-id=\"3a7df44\" data-element_type=\"widget\" data-widget_type=\"heading.default\">\n\t\t\t\t<div class=\"elementor-widget-container\">\n\t\t\t\t\t<h2 class=\"elementor-heading-title elementor-size-default\">Certificados do 41\u00ba EDEQ<\/h2>\t\t\t\t<\/div>\n\t\t\t\t<\/div>\n\t\t\t\t\t<\/div>\n\t\t<\/div>\n\t\t\t\t\t<\/div>\n\t\t<\/section>\n\t\t\t\t<section class=\"elementor-section elementor-top-section elementor-element elementor-element-4d59f4f elementor-section-boxed elementor-section-height-default elementor-section-height-default\" data-id=\"4d59f4f\" data-element_type=\"section\">\n\t\t\t\t\t\t<div class=\"elementor-container elementor-column-gap-default\">\n\t\t\t\t\t<div class=\"elementor-column elementor-col-33 elementor-top-column elementor-element elementor-element-ccfc657\" data-id=\"ccfc657\" data-element_type=\"column\">\n\t\t\t<div class=\"elementor-widget-wrap\">\n\t\t\t\t\t\t\t<\/div>\n\t\t<\/div>\n\t\t\t\t<div class=\"elementor-column elementor-col-33 elementor-top-column elementor-element elementor-element-869a500\" data-id=\"869a500\" data-element_type=\"column\">\n\t\t\t<div class=\"elementor-widget-wrap elementor-element-populated\">\n\t\t\t\t\t\t<div class=\"elementor-element elementor-element-9e6115b elementor-widget elementor-widget-text-editor\" data-id=\"9e6115b\" data-element_type=\"widget\" data-widget_type=\"text-editor.default\">\n\t\t\t\t<div class=\"elementor-widget-container\">\n\t\t\t\t\t\t\t\t\t<p>Os certificados do 41\u00ba est\u00e3o dispon\u00edveis por meio do link abaixo, no qual cada participante dever\u00e1 navegar entre as pastas do Google Drive para obter seu certificado nas atividades <strong><em>Apresenta\u00e7\u00e3o<\/em><\/strong>, <strong><em>Participa\u00e7\u00e3o no Evento<\/em><\/strong>, <strong><em>Participa\u00e7\u00e3o em Minicurso<\/em><\/strong> e\/ou <strong><em>Oferta de Minicurso.<\/em><\/strong><\/p>\t\t\t\t\t\t\t\t<\/div>\n\t\t\t\t<\/div>\n\t\t\t\t<div class=\"elementor-element elementor-element-ccd9a0a elementor-align-center elementor-widget elementor-widget-button\" data-id=\"ccd9a0a\" data-element_type=\"widget\" data-widget_type=\"button.default\">\n\t\t\t\t<div class=\"elementor-widget-container\">\n\t\t\t\t\t\t\t\t\t<div class=\"elementor-button-wrapper\">\n\t\t\t\t\t<a class=\"elementor-button elementor-button-link elementor-size-md\" href=\"https:\/\/drive.google.com\/drive\/folders\/1ypkqQWIlozsfdRW78B1JtYAe6W-VBdsu?usp=share_link\" target=\"_blank\">\n\t\t\t\t\t\t<span class=\"elementor-button-content-wrapper\">\n\t\t\t\t\t\t<span class=\"elementor-button-icon\">\n\t\t\t\t<i aria-hidden=\"true\" class=\"far fa-folder-open\"><\/i>\t\t\t<\/span>\n\t\t\t\t\t\t\t\t\t<span class=\"elementor-button-text\">Clique aqui para acessar a pasta com os certificados<\/span>\n\t\t\t\t\t<\/span>\n\t\t\t\t\t<\/a>\n\t\t\t\t<\/div>\n\t\t\t\t\t\t\t\t<\/div>\n\t\t\t\t<\/div>\n\t\t\t\t\t<\/div>\n\t\t<\/div>\n\t\t\t\t<div class=\"elementor-column elementor-col-33 elementor-top-column elementor-element elementor-element-839f1f9\" data-id=\"839f1f9\" data-element_type=\"column\">\n\t\t\t<div class=\"elementor-widget-wrap\">\n\t\t\t\t\t\t\t<\/div>\n\t\t<\/div>\n\t\t\t\t\t<\/div>\n\t\t<\/section>\n\t\t\t\t<\/div>\n\t\t","protected":false},"excerpt":{"rendered":"<p>Certificados do 41\u00ba EDEQ Os certificados do 41\u00ba est\u00e3o dispon\u00edveis por meio do link abaixo, no qual cada participante dever\u00e1 navegar entre as pastas do Google Drive para obter seu certificado nas atividades Apresenta\u00e7\u00e3o, Participa\u00e7\u00e3o no Evento, Participa\u00e7\u00e3o em Minicurso e\/ou Oferta de Minicurso. Clique aqui para acessar a pasta com os certificados<\/p>\n","protected":false},"author":1,"featured_media":0,"parent":0,"menu_order":0,"comment_status":"closed","ping_status":"closed","template":"elementor_header_footer","meta":{"footnotes":""},"class_list":["post-1290","page","type-page","status-publish","hentry"],"_links":{"self":[{"href":"https:\/\/edeq.com.br\/wp\/41edeq\/wp-json\/wp\/v2\/pages\/1290","targetHints":{"allow":["GET"]}}],"collection":[{"href":"https:\/\/edeq.com.br\/wp\/41edeq\/wp-json\/wp\/v2\/pages"}],"about":[{"href":"https:\/\/edeq.com.br\/wp\/41edeq\/wp-json\/wp\/v2\/types\/page"}],"author":[{"embeddable":true,"href":"https:\/\/edeq.com.br\/wp\/41edeq\/wp-json\/wp\/v2\/users\/1"}],"replies":[{"embeddable":true,"href":"https:\/\/edeq.com.br\/wp\/41edeq\/wp-json\/wp\/v2\/comments?post=1290"}],"version-history":[{"count":22,"href":"https:\/\/edeq.com.br\/wp\/41edeq\/wp-json\/wp\/v2\/pages\/1290\/revisions"}],"predecessor-version":[{"id":1318,"href":"https:\/\/edeq.com.br\/wp\/41edeq\/wp-json\/wp\/v2\/pages\/1290\/revisions\/1318"}],"wp:attachment":[{"href":"https:\/\/edeq.com.br\/wp\/41edeq\/wp-json\/wp\/v2\/media?parent=1290"}],"curies":[{"name":"wp","href":"https:\/\/api.w.org\/{rel}","templated":true}]}}